{"id":263,"date":"2024-11-08T01:20:00","date_gmt":"2024-11-08T01:20:00","guid":{"rendered":"https:\/\/surgenericos.com.co\/index.php\/about\/"},"modified":"2026-02-03T01:03:24","modified_gmt":"2026-02-03T01:03:24","slug":"about","status":"publish","type":"page","link":"https:\/\/surgenericos.com.co\/index.php\/about\/","title":{"rendered":"Nosotros"},"content":{"rendered":"\n\n\nHistoria\n<h2>SURGENERICOS SAS<\/h2>\nFundada en Pasto el 12 de noviembre de 2003, SURGENERICOS naci\u00f3 con el objetivo de satisfacer la demanda local de medicamentos gen\u00e9ricos de alta calidad a precios competitivos para el sector de E.S.E. Con el tiempo, la empresa se especializ\u00f3 en la comercializaci\u00f3n de medicamentos de alto costo para tratar enfermedades como c\u00e1ncer, VIH, diabetes, entre otras, trabajando en estrecha colaboraci\u00f3n con laboratorios multinacionales. Esto permiti\u00f3 ofrecer productos exclusivos a IPS, hospitales, cl\u00ednicas y particulares en Nari\u00f1o.\n\nPosteriormente, se diversific\u00f3 hacia los productos intrahospitalarios de alto costo, especialmente en unidades de cuidado intensivo, en ciudades como Pasto, Ipiales, Cali y otras del eje cafetero. Hoy, nuestro objetivo es seguir expandiendo nuestras alianzas estrat\u00e9gicas con m\u00e1s laboratorios para continuar creciendo y desarrollando nuevas unidades de negocio.\n\n\n<font color=\"#ffffff\"><span style=\"font-size:small;\">SURGENERICOS es una empresa privada que comercializa de manera integral medicamentos para el uso humano, de alta calidad y producidos en laboratorios nacionales y multinacionales, a entidades de salud p\u00fablicas y privadas del sur occidente colombiano; buscando siempre la satisfacci\u00f3n, bienestar y salud de las personas, por medio de una estructura de distribuci\u00f3n oportuna y fiable, de la mano de un personal y laboratorios cualificados que cumplen con los principios y valores de la empresa y la normatividad vigente<\/span>.<br><\/font>\n<font color=\"#ffffff\" size=\"2\">Para el 2027 nos consolidamos como la opci\u00f3n m\u00e1s confiable para nuestros clientes, ofreciendo productos de alta calidad y distribuci\u00f3n oportuna y fiable. Estamos comprometidos con la expansi\u00f3n de nuestro portafolio para satisfacer las necesidades de nuestros clientes, apoyados por un equipo competente y calificado que brinda servicios con calidez y amabilidad, siempre alineados con nuestros principios y valores, y cumpliendo con la normatividad vigente.<\/font>\n\n\n\n\n<h2>Clientes destacados<\/h2>\n\n\n\n\n\n\n\n\n\n\n\n\n\n\n\n\n\n\n\n\n\n\n\n\n\n\n\n\n\n\n\n\n\n\n\n\n\n\n\n\n\n\n\n\n<h2>Pol\u00edtica de calidad<\/h2>\n\n\n\nSURGENERICOS, empresa privada comercializadora de medicamentos se compromete con la satisfacci\u00f3n de nuestros clientes y dem\u00e1s partes interesadas mediante la&nbsp; &nbsp;prestaci\u00f3n de un servicio integral, oportuno&nbsp; y con calidad, logrando relaciones mutuamente beneficiosas mediante&nbsp; un talento humano competente y motivado desde una perspectiva integral que genere&nbsp; crecimiento y sostenibilidad financiera y el seguimiento a riesgos en el marco de la mejora continua del&nbsp; &nbsp; sistema de gesti\u00f3n de calidad, tomando acciones frente al cambio clim\u00e1tico y apoyado en el cumplimiento de requisitos vigentes y los principios y valores organizacionales.\n\n\n\n\n","protected":false},"excerpt":{"rendered":"","protected":false},"author":1,"featured_media":0,"parent":0,"menu_order":0,"comment_status":"closed","ping_status":"closed","template":"","meta":{"pagelayer_contact_templates":[],"_pagelayer_content":"","footnotes":""},"class_list":["post-263","page","type-page","status-publish","hentry"],"_links":{"self":[{"href":"https:\/\/surgenericos.com.co\/index.php\/wp-json\/wp\/v2\/pages\/263","targetHints":{"allow":["GET"]}}],"collection":[{"href":"https:\/\/surgenericos.com.co\/index.php\/wp-json\/wp\/v2\/pages"}],"about":[{"href":"https:\/\/surgenericos.com.co\/index.php\/wp-json\/wp\/v2\/types\/page"}],"author":[{"embeddable":true,"href":"https:\/\/surgenericos.com.co\/index.php\/wp-json\/wp\/v2\/users\/1"}],"replies":[{"embeddable":true,"href":"https:\/\/surgenericos.com.co\/index.php\/wp-json\/wp\/v2\/comments?post=263"}],"version-history":[{"count":28,"href":"https:\/\/surgenericos.com.co\/index.php\/wp-json\/wp\/v2\/pages\/263\/revisions"}],"predecessor-version":[{"id":603,"href":"https:\/\/surgenericos.com.co\/index.php\/wp-json\/wp\/v2\/pages\/263\/revisions\/603"}],"wp:attachment":[{"href":"https:\/\/surgenericos.com.co\/index.php\/wp-json\/wp\/v2\/media?parent=263"}],"curies":[{"name":"wp","href":"https:\/\/api.w.org\/{rel}","templated":true}]}}